se -6*z = -q - 0. List the prime factors of z.
5, 13
Suppose -3*j + 9 = -q, j + 8 = -q + 5*q. Let p(f) = f**2 - 5*f + 2. Let m be p(q). Let s = m - -56. What are the prime factors of s?
2, 13
Let p = 88 - 83. Suppose 2*o + 2*u = 53 + 27, o - 52 = -p*u. List the prime factors of o.
37
Let t = -163 + 276. Let a = t - 57. List the prime factors of a.
2, 7
Let s(q) = -q**3 - 7*q**2 + 5. Let r be s(-7). Let k = 5 - 3. Suppose 3*u - 4*j = 90, r*u - k*j - 110 = u. What are the prime factors of u?
2, 13
List the prime factors of (-1)/(8/(-8)*4/6044).
1511
Suppose -5*w = 3*l - 12719, 0 = 2*l + 12*w - 7*w - 8481. What are the prime factors of l?
2, 13, 163
Let y = 303 - 95. What are the prime factors of y?
2, 13
Let c be ((-18)/4)/(2/4). Let k be (-1 - c) + (2 - 4). List the prime factors of (k/9)/((-4)/(-30)).
5
Let x(t) = -20*t**2 + 29*t + 25. Let f(p) = 7*p**2 - 10*p - 8. Let y(a) = -17*f(a) - 6*x(a). Let l be y(6). List the prime factors of 1/(33/16 + l).
2
Let u(z) = z + 1. Let l be u(1). Let a(c) = -8*c - 2*c**2 + 3*c**l + 12 + 0*c**2. What are the prime factors of a(9)?
3, 7
Let o(a) = -a**2 + a + 2. Let r be o(2). Let b be 3/((-4)/(-100) + r). Suppose 0 = 11*y - 14*y + b. What are the prime factors of y?
5
Suppose 5*q + 3*n = 1826, 5*n = 3*q + 527 - 1643. List the prime factors of q.
367
Let a(n) be the first derivative of 8*n**2 + n - 1. Suppose -94 + 104 = 5*g. What are the prime factors of a(g)?
3, 11
Suppose 5*h - m - 2803 = 0, 8*h = 10*h - 4*m - 1114. What are the prime factors of h?
3, 11, 17
Suppose 0 = -3*j - 2*i + 1525, -5*j + 3111 = -i + 578. What are the prime factors of j?
3, 13
Suppose 78 = -2*l + 5*i, -3*l - i - 104 = -2*i. Let k be (6/4 + -2)*l. List the prime factors of 1/(-1) - (k - 49).
31
Let o(m) = 3*m + 11. Let b = 11 - 8. Let n = b + 2. List the prime factors of o(n).
2, 13
Let v(w) be the second derivative of -w**4/12 - 5*w**3/3 + 3*w**2 + 12*w. Let x = 0 - 9. List the prime factors of v(x).
3, 5
Let v(t) be the first derivative of 41*t**3/3 + t**2 + 2*t + 28. What are the prime factors of v(2)?
2, 5, 17
Let x be (-8)/(-5) - (-8)/60*3. What are the prime factors of (45 - 3) + 0 + x?
2, 11
Suppose 3*t - t = 2*w + 8, 0 = 5*t - 5. Let j(n) = -3*n**3 + 5*n**2 + 5*n - 1. List the prime factors of j(w).
2, 5, 11
Let z(v) = 78*v**2 - v - 7. What are the prime factors of z(-2)?
307
Let f = -2 - -28. Suppose -845 = -f*m + 21*m. What are the prime factors of m?
13
Suppose 0 = 3*t + t + 24. Let b be t/2 - 7/(-1). Suppose b*h = 4*z + 92, 3*z + 25 = 4*h - 65. What are the prime factors of h?
3, 7
Suppose 2*b + 0 - 8 = 0. Suppose b*h + 135 = 7*h. Suppose -4*f + 7*f - h = 0. List the prime factors of f.
3, 5
Let j(h) = h**3 + 4*h**2 - 13*h - 5. Let i be j(-8). Let t = -78 - i. What are the prime factors of t?
79
Let t be 0 - -1*(-1112)/(-2). What are the prime factors of t/14 - -4*(-2)/(-28)?
2, 5
Suppose 17 = 3*r - 7. Let p(o) = 3*o**3 + r + 0*o + 5*o - 4*o**3 - 5*o**2 + 2*o. List the prime factors of p(-6).
2
Suppose -5*r = 2*g - 550, 17*g - 19*g = 4*r - 550. List the prime factors of g.
5, 11
Let n(s) be the first derivative of -6 + 3/2*s**2 - 10*s. List the prime factors of n(9).
17
Let y(i) = -12*i + 2. Suppose k + 4*l - 42 = 6*k, 0 = 5*k - 3*l + 44. Let g be -3 + -1 - (k - -8). What are the prime factors of y(g)?
2, 13
Suppose 8 = 2*r, -3*c = -2*r + 6*r - 235. Let w = c - 124. Let p = w - -89. List the prime factors of p.
2, 19
Let t = -71 - -74. Suppose -p = k - 18, -k - 5*p + t + 19 = 0. List the prime factors of k.
17
List the prime factors of (6/(-10))/(1/(-2010)).
2, 3, 67
Suppose n + 2 = 12. Suppose -6*b + b + n = 0. Suppose -4*o + b*o + 4*w + 36 = 0, 60 = 4*o - 4*w. List the prime factors of o.
2, 3
Let r(g) = -g**2 + g + 3. Let d(o) = -o + 1. Let v(s) = 2*d(s) + r(s). Let a be v(-2). Suppose -a*p + 60 + 39 = 0. List the prime factors of p.
3, 11
Let y = 339 - 268. List the prime factors of y.
71
Let i be -4 + 0*(-4)/(-8). Let f be 4*i*(-3)/24. List the prime factors of (f/(-1))/(4/(-54)).
3
Let g = 29 - 65. Let p = g - -108. What are the prime factors of p?
2, 3
Suppose -1852 = -5*b + o, -3*b - 2*o - 8 = -1127. List the prime factors of b.
7, 53
Let p(b) = -2*b**3 + 8*b**2 - 7*b - 11. Let o be p(-6). Let a = o - 459. List the prime factors of a/5 + (-34)/85.
2, 29
Let h(l) = 3*l**2 + l - 8. Let b be h(-10). Let d = b + -192. List the prime factors of d.
2, 3, 5
Let p(i) = i**2 - 19*i + 3. Let s be p(18). Let n = -13 - s. List the prime factors of n.
2
Let c = -40 + -22. Let g = c + 88. Suppose 3*b - i - 128 = 0, b + g = 2*b + 3*i. What are the prime factors of b?
41
Let n(t) = -4*t**2 - 2*t + 5. Let w be n(5). Suppose 5*k + 93 + 282 = 0. Let b = k - w. What are the prime factors of b?
2, 3, 5
Let v = 4976 - 3347. List the prime factors of v.
3, 181
Let g(f) = -2*f + 2. Let o be g(3). Let p = o - -8. Suppose 2*i - 47 = -p*x + 21, 3*i - 2*x - 110 = 0. List the prime factors of i.
2, 3
Let x(c) = 4*c**3 - 6*c**2 + 3*c + 35. What are the prime factors of x(7)?
2, 3, 7
Let h = -781 - -1963. What are the prime factors of h?
2, 3, 197
Let o(m) = 2*m**2 + 2*m - 6. Let a be o(-3). What are the prime factors of (46 - 1)*28/a?
2, 3, 5, 7
Let y(i) = i**3 - 3*i**2 - i - 9. List the prime factors of y(6).
3, 31
Let r(a) = -36*a + 17. Let w(n) = -9*n + 4. Suppose -3*j - 17 = l, -j - 30 = 4*j + 2*l. Let u(o) = j*r(o) + 18*w(o). List the prime factors of u(-2).
2, 5
Let z(k) = 3*k**2 + k - 6. Let h = 18 + -33. Let f = h - -20. What are the prime factors of z(f)?
2, 37
Let j be (-1)/(-2) + 2/4. Let d(v) = 1 - v**2 - 1 + 3*v - v**3 - 2 + 41*v**3. What are the prime factors of d(j)?
2, 5
Let h = -58 + 9. Let a = h - -56. List the prime factors of a.
7
Let c be (1 - 1 - 3)*(2 - 3). Suppose -i = c*a - 195, 0*a + 2*a = 3*i + 141. List the prime factors of a.
2, 3, 11
Let n = -599 - -710. List the prime factors of n.
3, 37
Let i be (-6)/33 + (-501)/(-33). Suppose -2 = -2*n, -n - 82 + i = -2*k. What are the prime factors of k?
2, 17
Let s(d) = 2*d + 5. Let n(o) = -5*o - 16. Let a(v) = -2*n(v) - 7*s(v). Suppose c - 2 = -6. List the prime factors of a(c).
13
Let r(c) = -2*c**3 - 9*c**2 - 6*c - 7. Let n be r(-4). List the prime factors of ((-138)/(-5))/(n/5).
2, 3, 23
Let p(l) be the first derivative of -l**4/4 + 8*l**3/3 - 5*l**2/2 - l + 9. Suppose c + 11*v - 6*v = 17, -c + 5 = -v. What are the prime factors of p(c)?
13
Let q(l) = 566*l**2 - 10*l - 8. List the prime factors of q(-1).
2, 71
Let u = -3060 - -8322. List the prime factors of u.
2, 3, 877
Let l = -1005 - -2213. What are the prime factors of l?
2, 151
Let u(a) = -a**3 + a**2 - a - 1. Let q(k) = -4*k**3 + 8*k**2 - 6*k - 5. Let o(d) = -q(d) + 3*u(d). What are the prime factors of o(6)?
2, 7
Let b(k) be the second derivative of k**5/20 + 2*k**4/3 + k**3/2 - 9*k**2/2 + 8*k. Let y = -13 - -6. List the prime factors of b(y).
19
Let v(q) = 807*q**2 + 11*q + 11. List the prime factors of v(-1).
3, 269
Suppose -3*v + 5 = 3*m - 7, 2*m - 6 = -v. Let i(p) = -106 - 2*p**2 + 5*p + 3*p**v + 95. List the prime factors of i(-8).
13
Let n(t) be the second derivative of -t**5/20 + 5*t**4/4 - 11*t**3/3 + 21*t**2/2 - 22*t. What are the prime factors of n(12)?
3, 7
Suppose 3*d + 2*d - 13 = 4*x, -3*x + 34 = 5*d. Suppose x*h - h + 1310 = 5*p, -h = 0. What are the prime factors of p?
2, 131
List the prime factors of (-21)/84 - (-14362)/8.
5, 359
Let s be -20*(66/(-24) - -4). What are the prime factors of 182 - 5/(s/(-10))?
2, 3, 5
Let z(o) be the third derivative of o**5/30 + 7*o**4/24 - 3*o**3/2 - 8*o**2. What are the prime factors of z(4)?
3, 17
Let m(o) = -o**2 + 6*o - 5. Let j be m(4). Suppose v + 80 = -j*v + 4*f, -v - 12 = 3*f. List the prime factors of (v/8)/(3/(-36)).
3
Suppose -f + 4*g = -13, -2*g = -4*f + 2*g + 28. Suppose f*v - 7 = 3. Suppose -189 + 61 = -4*l + v*w, -w = -l + 33. What are the prime factors of l?
31
Let b = -11 + 19. Suppose k - 5*w - b = 0, k = -3*k - w - 73. Let j = -3 - k. What are the prime factors of j?
2, 7
Suppose -4*r = 4*t + 132, -2*t - 3*t - 171 = -r. Let q = -17 - t. Let k = 54 - q. List the prime factors of k.
37
Let h be (-1)/4 - 6408/(-32). Suppose 0*c + h = 4*c - 4*b, 240 = 5*c + 5*b. What are the prime factors of c?
7
Let o(b) = b**2 + 5*b - 31. Let r = 91 - 110. List